{"id":12,"date":"2024-01-02T14:21:33","date_gmt":"2024-01-02T17:21:33","guid":{"rendered":"https:\/\/observatorioturismo.online\/atlas\/?page_id=12"},"modified":"2024-06-14T18:28:53","modified_gmt":"2024-06-14T21:28:53","slug":"buenas-practicas","status":"publish","type":"page","link":"https:\/\/observatorioturismo.online\/atlas\/buenas-practicas\/","title":{"rendered":"Buenas pr\u00e1cticas"},"content":{"rendered":"\n<p>En esta secci\u00f3n se han incorporado algunas Buenas Pr\u00e1cticas en turismo sostenible implementadas en distintas comunas del pa\u00eds. El objetivo es compartir informaci\u00f3n de iniciativas y experiencias desarrolladas en distintas comunas del pa\u00eds, las que se han clasificado seg\u00fan \u00e1mbitos de sostenibilidad.  <\/p>\n","protected":false},"excerpt":{"rendered":"<p>En esta secci\u00f3n se han incorporado algunas Buenas Pr\u00e1cticas en turismo sostenible implementadas en distintas comunas del pa\u00eds. El objetivo es compartir informaci\u00f3n de iniciativas y experiencias desarrolladas en distintas comunas del pa\u00eds, las que se han clasificado seg\u00fan \u00e1mbitos de sostenibilidad.<\/p>\n","protected":false},"author":1,"featured_media":0,"parent":0,"menu_order":0,"comment_status":"closed","ping_status":"closed","template":"","meta":{"footnotes":""},"class_list":["post-12","page","type-page","status-publish","hentry"],"acf":[],"_links":{"self":[{"href":"https:\/\/observatorioturismo.online\/atlas\/wp-json\/wp\/v2\/pages\/12","targetHints":{"allow":["GET"]}}],"collection":[{"href":"https:\/\/observatorioturismo.online\/atlas\/wp-json\/wp\/v2\/pages"}],"about":[{"href":"https:\/\/observatorioturismo.online\/atlas\/wp-json\/wp\/v2\/types\/page"}],"author":[{"embeddable":true,"href":"https:\/\/observatorioturismo.online\/atlas\/wp-json\/wp\/v2\/users\/1"}],"replies":[{"embeddable":true,"href":"https:\/\/observatorioturismo.online\/atlas\/wp-json\/wp\/v2\/comments?post=12"}],"version-history":[{"count":4,"href":"https:\/\/observatorioturismo.online\/atlas\/wp-json\/wp\/v2\/pages\/12\/revisions"}],"predecessor-version":[{"id":591,"href":"https:\/\/observatorioturismo.online\/atlas\/wp-json\/wp\/v2\/pages\/12\/revisions\/591"}],"wp:attachment":[{"href":"https:\/\/observatorioturismo.online\/atlas\/wp-json\/wp\/v2\/media?parent=12"}],"curies":[{"name":"wp","href":"https:\/\/api.w.org\/{rel}","templated":true}]}}